{"id":286,"date":"2025-07-05T00:16:00","date_gmt":"2025-07-04T22:16:00","guid":{"rendered":"http:\/\/motorjesus.org\/?page_id=286"},"modified":"2025-07-17T20:33:11","modified_gmt":"2025-07-17T18:33:11","slug":"bandinfo","status":"publish","type":"page","link":"https:\/\/motorjesus.org\/?page_id=286","title":{"rendered":"Bandinfo"},"content":{"rendered":"\n<figure class=\"wp-block-image size-large\"><img loading=\"lazy\" decoding=\"async\" width=\"1024\" height=\"683\" src=\"http:\/\/motorjesus.org\/wp-content\/uploads\/2025\/07\/MG_5338-1024x683.jpg\" alt=\"\" class=\"wp-image-215\" srcset=\"https:\/\/motorjesus.org\/wp-content\/uploads\/2025\/07\/MG_5338-1024x683.jpg 1024w, https:\/\/motorjesus.org\/wp-content\/uploads\/2025\/07\/MG_5338-300x200.jpg 300w, https:\/\/motorjesus.org\/wp-content\/uploads\/2025\/07\/MG_5338-768x512.jpg 768w, https:\/\/motorjesus.org\/wp-content\/uploads\/2025\/07\/MG_5338-1536x1024.jpg 1536w, https:\/\/motorjesus.org\/wp-content\/uploads\/2025\/07\/MG_5338-2048x1365.jpg 2048w, https:\/\/motorjesus.org\/wp-content\/uploads\/2025\/07\/MG_5338-850x567.jpg 850w\" sizes=\"auto, (max-width: 1024px) 100vw, 1024px\" \/><\/figure>\n\n\n\n<p><strong>Motorjesus \u2013 Heavy Rock aus M\u00f6nchengladbach, seit 1992<\/strong><\/p>\n\n\n\n<p><strong>Bandmitglieder:<\/strong><br>Chris \u201eHowling\u201c Birx \u2013 Gesang<br>&#8222;Sparkling&#8220; Steve S\u00f8rensen \u2013 Gitarre<br>Phil Kohout \u2013 Gitarre<br>Dominik Kwasny \u2013 Bass<br>Adam Borosch \u2013 Schlagzeug<\/p>\n\n\n\n<p><strong>Diskografie:<\/strong><br>1995 \u2013 1st Demo (Demo)<br>1997 \u2013 0.45cal (Demo)<br>2001 \u2013 Demonride (Demo)<br>2003 \u2013 Dirty Pounding (Demo)<br>2004 \u2013 Dirty Pounding Gasoline (Locomotive Records)<br>2006 \u2013 Deathrider (Locomotive Records)<br>2010 \u2013 100.000 Volt Survivor EP (Eigenvertrieb)<br>2011 \u2013 Wheels of Purgatory (Drakkar Records)<br>2014 \u2013 Electric Revelation (Drakkar Records)<br>2018 \u2013 Race to Resurrection (Drakkar Records)<br>2020 \u2013 Live Resurrection (Drakkar Records)<br>2021 \u2013 Hellbreaker (AFM Records)<br>2025 \u2013 Streets of Fire (Reaper Entertainment)<\/p>\n\n\n\n<p>MOTORJESUS \u2013 NEUES ALBUM \u201e<strong>Streets of Fire<\/strong>\u201c (2025)<\/p>\n\n\n\n<p><strong>Der Motor l\u00e4uft wieder hei\u00df:<\/strong><br>Motorjesus aus M\u00f6nchengladbach sind zur\u00fcck \u2013 mit ihrem achten Studioalbum <em>Streets of Fire<\/em>. Der F\u00fcnfer aus NRW rast mit durchgetretenem Pedal und \u201eHigh Octane Heavy Rock\u201c in eine dystopische Zukunft des Heavy Rock.<\/p>\n\n\n\n<p><strong>Vollgas statt Stillstand:<\/strong><br>Der Sound der Band verbindet kraftvollen Rock\u2019n\u2019Roll \u00e0 la Mot\u00f6rhead, Turbonegro oder Gluecifer mit dem epischen Metal-Spirit der 80er \u2013 irgendwo zwischen <em>Somewhere in Time<\/em>, <em>Screaming for Vengeance<\/em> und einer doppelten Prise Punk-Attit\u00fcde. Keine Balladen, kein Kompromiss \u2013 stattdessen kompaktes Songwriting, Groove und hymnische Refrains zum Mitsingen. Oder besser: Mitgr\u00f6len.<\/p>\n\n\n\n<p><strong>Die R\u00fcckkehr auf die <em>Streets of Fire<\/em>:<\/strong><br>Mit <em>Hellbreaker<\/em> schafften Motorjesus bereits den Sprung auf Platz 20 der deutschen Albumcharts und machten sich auf Clubb\u00fchnen und Festivalgel\u00e4nden (u.a. Summer Breeze, Rock Hard Festival) erneut einen Namen. Auch in der Vergangenheit teilte man sich die B\u00fchne mit Gr\u00f6\u00dfen wie Mot\u00f6rhead, Anthrax, Mustasch, Prong oder Der W.<\/p>\n\n\n\n<p><strong>Erdig, laut, authentisch:<\/strong><br>Trotz ihrer langj\u00e4hrigen Bandgeschichte und stetigem Erfolg ist die Band frei von All\u00fcren geblieben. Stattdessen stehen f\u00fcnf bodenst\u00e4ndige Musiker auf der B\u00fchne, die ihre Liebe zu Rock\u2019n\u2019Roll und Muscle Cars der 70er Jahre mit Stolz zur Schau stellen \u2013 nicht zuletzt durch ihr kultiges Bandmaskottchen, den \u201emotorisierten Jesus\u201c, der l\u00e4ngst fester Bestandteil der Artwork-Sprache geworden ist.<\/p>\n\n\n\n<p><strong>Neues Feuer im Tank:<\/strong><br>Das neue Album wurde erneut von Produzentenlegende Dan Swan\u00f6 (u.a. Opeth, Dissection, Edge of Sanity) gemischt. Der Sound ist h\u00e4rter, schneller, direkter \u2013 und bewusst ohne Balladen.<\/p>\n\n\n\n<p><strong>Zitat Dan Swan\u00f6:<\/strong><br>\u201eIch hatte das Gl\u00fcck, seit \u00fcber einem Jahrzehnt f\u00fcr Motorjesus das Mixing und Mastering zu \u00fcbernehmen \u2013 und sie \u00fcberraschen mich immer wieder. Dieses neue Album ist ihr bislang bestes. In den Songs steckt ein neuer Fokus und eine frische Energie, die das Arbeiten daran zum puren Vergn\u00fcgen gemacht haben. Ich habe beim Mixen manchmal so heftig mit dem Fu\u00df gestampft, dass er mir tagelang weh tat \u2013 DAS ist Groove! Chris ist einer der besten S\u00e4nger der Welt, und auch der Rest der Band ist absolute Spitzenklasse. Tut euch selbst einen Gefallen und h\u00f6rt rein \u2013 es ist <em>mega-awesome-deluxe<\/em>!\u201c<\/p>\n\n\n\n<p><strong>Vollgas durch Vergangenheit und Zukunft:<\/strong><br>Tracks wie <em>New Messiah of Steel<\/em>, <em>Streets of Fire<\/em> oder das rotzige <em>They Don&#8217;t Die<\/em> strotzen vor Energie und punkiger Dreckigkeit. Songs wie <em>Somewhere From Beyond<\/em> oder <em>Return to the Badlands<\/em> hingegen stehen ganz in der Tradition des klassischen Heavy Metal und liefern zugleich typischen Motorjesus-Stoff zwischen Hard Rock, Stoner und hymnischem Classic Rock.<\/p>\n\n\n\n<p><strong>Neues Line-up, frischer Wind:<\/strong><br>Mit dem aktuellen Line-up setzen Motorjesus auf vertraute St\u00e4rken \u2013 aber auch auf neue Impulse. Kleine Ver\u00e4nderungen in der Besetzung sorgen f\u00fcr frischen Drive im Songwriting, ohne dabei die Wurzeln der Band zu verleugnen. Gitarrensoli brennen, die Riffs sitzen \u2013 und der typische Motorjesus-Sound wird um ein paar spannende Facetten erweitert.<\/p>\n\n\n\n<p><strong>Let the motor run!<\/strong><\/p>\n\n\n\n<p><\/p>\n","protected":false},"excerpt":{"rendered":"<p>Motorjesus \u2013 Heavy Rock aus M\u00f6nchengladbach, seit 1992 Bandmitglieder:Chris \u201eHowling\u201c Birx \u2013 Gesang&#8222;Sparkling&#8220; Steve S\u00f8rensen \u2013 GitarrePhil Kohout \u2013 GitarreDominik Kwasny \u2013 BassAdam Borosch \u2013 Schlagzeug Diskografie:1995 \u2013 1st Demo (Demo)1997 \u2013 0.45cal (Demo)2001 \u2013 Demonride (Demo)2003 \u2013 Dirty Pounding (Demo)2004 \u2013 Dirty Pounding Gasoline (Locomotive Records)2006 \u2013 Deathrider (Locomotive Records)2010 \u2013 100.000 Volt Survivor&#8230;<\/p>\n","protected":false},"author":1,"featured_media":0,"parent":0,"menu_order":0,"comment_status":"closed","ping_status":"closed","template":"","meta":{"pgc_sgb_lightbox_settings":"","footnotes":""},"class_list":["post-286","page","type-page","status-publish","hentry"],"featured_image_src":null,"_links":{"self":[{"href":"https:\/\/motorjesus.org\/index.php?rest_route=\/wp\/v2\/pages\/286","targetHints":{"allow":["GET"]}}],"collection":[{"href":"https:\/\/motorjesus.org\/index.php?rest_route=\/wp\/v2\/pages"}],"about":[{"href":"https:\/\/motorjesus.org\/index.php?rest_route=\/wp\/v2\/types\/page"}],"author":[{"embeddable":true,"href":"https:\/\/motorjesus.org\/index.php?rest_route=\/wp\/v2\/users\/1"}],"replies":[{"embeddable":true,"href":"https:\/\/motorjesus.org\/index.php?rest_route=%2Fwp%2Fv2%2Fcomments&post=286"}],"version-history":[{"count":7,"href":"https:\/\/motorjesus.org\/index.php?rest_route=\/wp\/v2\/pages\/286\/revisions"}],"predecessor-version":[{"id":585,"href":"https:\/\/motorjesus.org\/index.php?rest_route=\/wp\/v2\/pages\/286\/revisions\/585"}],"wp:attachment":[{"href":"https:\/\/motorjesus.org\/index.php?rest_route=%2Fwp%2Fv2%2Fmedia&parent=286"}],"curies":[{"name":"wp","href":"https:\/\/api.w.org\/{rel}","templated":true}]}}